2
In base 5, what is 13203 + -100032?
-31324
In base 7, what is 115133133 + -11?
115133122
In base 9, what is -324 - 85703?
-86127
In base 4, what is -1032120 + -133101?
-1231221
In base 8, what is 174 - 3537616?
-3537422
In base 12, what is 1740 + b298?
10a18
In base 10, what is 15333 - 19732?
-4399
In base 5, what is -431032 + -41401?
-1022433
In base 16, what is -3a4206 + -d?
-3a4213
In base 4, what is 210011033232 + 2?
210011033300
In base 14, what is -6b - 5989c?
-59929
In base 7, what is -5 + -6562262206?
-6562262214
In base 4, what is -2013 - 3311122101?
-3311130120
In base 5, what is -1113321443 - -2?
-1113321441
In base 15, what is -4 - -a2e9ce0?
a2e9cdb
In base 12, what is -27 - -7589b?
75874
In base 13, what is 509348 + 1?
509349
In base 5, what is -304321144 - 33?
-304321232
In base 12, what is -29 + -2b6017?
-2b6044
In base 13, what is -4 + -464a112?
-464a116
In base 4, what is 21311233 + 13133?
21331032
In base 11, what is 2714 - -24506?
2711a
In base 8, what is 1507 + 73650?
75357
In base 12, what is -9a - -320a0?
32002
In base 10, what is -3 - 70875600?
-70875603
In base 15, what is 1b + -ec14d?
-ec132
In base 10, what is 8 - 42632?
-42624
In base 9, what is -3141341211 + 3?
-3141341207
In base 11, what is 8a585 + -59?
8a527
In base 14, what is -32067 + -28?
-32091
In base 5, what is 1040012 + -10441?
1024021
In base 5, what is -4 + -3002113411?
-3002113420
In base 7, what is -606502 + 35110?
-541362
In base 8, what is 17 - 1722662?
-1722643
In base 6, what is -1525 - 1424?
-3353
In base 8, what is 55 - 2747457?
-2747402
In base 10, what is -3 - 389688?
-389691
In base 10, what is 4295 - 8666?
-4371
In base 2, what is -1110101001011010010 - 1100110?
-1110101001100111000
In base 4, what is -2330011121030 - -120?
-2330011120310
In base 2, what is -11 + 11000011100101100000010101?
11000011100101100000010010
In base 9, what is 4 - -3741543?
3741547
In base 14, what is 2cd91 - 33?
2cd5c
In base 3, what is -100 + 2010110200200111?
2010110200200011
In base 14, what is a09 + -60b?
3dc
In base 12, what is 8 + -12233?
-12227
In base 12, what is 450200 - 7?
4501b5
In base 2, what is -11010 - 101111011100101110?
-101111011101001000
In base 2, what is -11011011001 + 111101110110?
100010011101
In base 15, what is -5c75469 - 5?
-5c7546e
In base 4, what is 1032 + 122333010?
123000102
In base 3, what is -2 + 1101202011121201?
1101202011121122
In base 6, what is -3012 - 31425?
-34441
In base 6, what is 4112223 - -250?
4112513
In base 8, what is 157263530 - 3?
157263525
In base 8, what is -2 - 77626734?
-77626736
In base 2, what is -1011010111 - -111000100101111?
110111001011000
In base 14, what is 6 - a2b504?
-a2b4dc
In base 10, what is -3648107 + 30?
-3648077
In base 12, what is -15246 + -151a?
-16764
In base 8, what is 3551575 + -264?
3551311
In base 4, what is 1012 + 1323210332?
1323212010
In base 7, what is -44030 - 12633?
-56663
In base 8, what is 1 - -1123350?
1123351
In base 14, what is -1954 - -18a0?
-94
In base 13, what is -1cc543 - 5c?
-1cc5a2
In base 7, what is 3 - 6015355?
-6015352
In base 5, what is -21401211320 - 10?
-21401211330
In base 12, what is 39aba234 + -5?
39aba22b
In base 11, what is 61570 + 298?
61858
In base 2, what is -111000111010010 - 110001111001?
-111111001001011
In base 7, what is 5 - 4516613300?
-4516613262
In base 9, what is 743217 + -63?
743144
In base 5, what is -32202114211 + 10?
-32202114201
In base 11, what is 87996375 + -7?
87996369
In base 7, what is 0 - 15142103?
-15142103
In base 4, what is 1120133 + -321003?
133130
In base 10, what is -8 - -2257500?
2257492
In base 5, what is 14 + -21313312?
-21313243
In base 3, what is -100210222 + -1022101?
-102010100
In base 7, what is -245405 - 21?
-245426
In base 12, what is -5368 - -457?
-4b11
In base 5, what is 113 - 112333000?
-112332332
In base 12, what is 172 + 37234?
373a6
In base 8, what is -4122671716 - 3?
-4122671721
In base 9, what is 4 - 413876833?
-413876828
In base 2, what is -10 + 101011111011111101011101?
101011111011111101011011
In base 6, what is 25135 + -4502241?
-4433102
In base 16, what is 395eb + -14?
395d7
In base 3, what is -221021120 - -10?
-221021110
In base 4, what is 221303 + 332101?
1220010
In base 10, what is 251 + -326723?
-326472
In base 9, what is -6 - -64627053?
64627046
In base 16, what is 718 - 3fd6?
-38be
In base 4, what is 2201 - 1231331131?
-1231322330
In base 11, what is 85773 + -aa?
85674
In base 15, what is -4539aa7 - -4?
-4539aa3
In base 2, what is 1011000111110011000000 + 0?
1011000111110011000000
In base 4, what is 220020100303 - -131?
220020101100
In base 5, what is 12341402 - 11433?
12324414
In base 2, what is 11001011111011 - -10111100?
11001110110111
In base 11, what is -12459508 - 0?
-12459508
In base 7, what is 332044221 + -6?
332044212
In base 15, what is -1 + -6624921?
-6624922
In base 11, what is -940252 - 4?
-940256
In base 2, what is 10 - 1011000111101111010010001001?
-1011000111101111010010000111
In base 13, what is 5 + -7c7369?
-7c7364
In base 4, what is -3 + 3020331231001?
3020331230332
In base 6, what is 2551 + 2241213?
2244204
In base 7, what is -10632 + -2062?
-13024
In base 11, what is -464589 - -94?
-4644a5
In base 14, what is -c29369 + 8?
-c29361
In base 15, what is bb + -d146?
-d07a
In base 9, what is -21364757 - -12?
-21364745
In base 15, what is -17c - -54bea?
54a6d
In base 4, what is -11 + -202321203310?
-202321203321
In base 13, what is ba678b81 - -2?
ba678b83
In base 9, what is 246724618 + -8?
246724610
In base 15, what is 1 + -104b46c?
-104b46b
In base 11, what is 5 - -2705804?
2705809
In base 16, what is -7 - 498abb?
-498ac2
In base 5, what is 34110000244 + 4?
34110000303
In base 14, what is 22549db - -8?
2254a05
In base 3, what is -102001022200 - 112011?
-102001211211
In base 5, what is 142 - -321034434?
321040131
In base 5, what is 33 - -2004214104?
2004214142
In base 9, what is -160 - 4524724?
-4524884
In base 7, what is 45030 - -340060?
415120
In base 9, what is -25 - 78114453?
-78114478
In base 11, what is 2 - 49978a2?
-49978a0
In base 4, what is -30113310302 + 3?
-30113310233
In base 12, what is 207 - 2998b?
-29784
In base 6, what is 1115500342 + 1?
1115500343
In base 16, what is -14cf + 173?
-135c
In base 8, what is -30420 - 17307?
-47727
In base 5, what is 13232143231 - -10?
13232143241
In base 10, what is -553869 - -1216?
-552653
In base 3, what is 10102112102020 - -102212?
10102112212002
In base 5, what is -2243214112310 + 10?
-2243214112300
In base 15, what is -bb6cd9 + 17?
-bb6cc2
In base 2, what is -100111010110 - 111111001010010?
-1000100000101000
In base 3, what is 1122 - -110100110222?
110100112121
In base 2, what is -1010011010110110011 + 111?
-1010011010110101100
In base 3, what is 12112222110 + 22000?
12120021110
In base 6, what is -41 + -140153443?
-140153524
In base 11, what is 2a2a045 + 0?
2a2a045
In base 8, what is -10570465 - 0?
-10570465
In base 5, what is 41244103 - -422?
41300030
In base 2, what is 1000111101000111010 - -10100110110?
1000111111101110000
In base 3, what is -201021 - -10221111002110?
10221110101012
In base 12, what is 758080 + 4?
758084
In base 15, what is e49d - 17?
e486
In base 11, what is -38968 - -4?
-38964
In base 8, what is -125746 - 117?
-126065
In base 7, what is 253221 - 320?
252601
In base 7, what is 162 + -10242233?
-10242041
In base 3, what is 1012111210020220 + -10?
1012111210020210
In base 13, what is -5c + 451a6?
45147
In base 5, what is 11020 + -3322424?
-3311404
In base 10, what is 54743 - 3?
54740
In base 11, what is 181822027 - 5?
181822022
In base 8, what is 4045 - -62572?
66637
In base 14, what is -278644 - 13b?
-278781
In base 4, what is 120120 + 3113?
123233
In base 8, what is -10255 + -257?
-10534
In base 7, what is 2 - 20011160?
-20011155
In base 5, what is 314114330 - -4?
314114334
In base 8, what is -35513125 - 5?
-35513132
In base 16, what is -4 + 3ba714?
3ba710
In base 8, what is -3752714 + 0?
-3752714
In base 16, what is -2043 + 503?
-1b40
In base 13, what is 10 + 28a818?
28a828
In base 14, what is 1a + 31581?
3159b
In base 5, what is -12 - -101433433041?
101433433024
In base 14, what is 7 + -1bb524b4?
-1bb524ab
In base 6, what is -3 + 340522035?
340522032
In base 8, what is -32657 - 2011?
-34670
In base 11, what is 89